{"id":13855,"date":"2025-01-30T13:38:21","date_gmt":"2025-01-30T12:38:21","guid":{"rendered":"https:\/\/grupotecon.com\/ekiba-agencia-digital\/?page_id=13855"},"modified":"2025-01-30T17:13:23","modified_gmt":"2025-01-30T16:13:23","slug":"politica-de-privacidad","status":"publish","type":"page","link":"https:\/\/grupotecon.com\/ekiba-agencia-digital\/politica-de-privacidad\/","title":{"rendered":"Pol\u00edtica de privacidad"},"content":{"rendered":"\t\t<div data-elementor-type=\"wp-page\" data-elementor-id=\"13855\" class=\"elementor elementor-13855\">\n\t\t\t\t\t\t<section class=\"porto-full-no-gap elementor-section elementor-top-section elementor-element elementor-element-66e598f banner-seccion-header elementor-section-full_width elementor-section-height-default elementor-section-height-default\" data-id=\"66e598f\" data-element_type=\"section\" data-e-type=\"section\">\r\n\t\t\r\n\t\t\t\t\t\t\t<div class=\"elementor-container elementor-column-gap-no\">\r\n\t\t\t\t\t\t\t\t\t\t\t<div class=\"elementor-column elementor-col-100 elementor-top-column elementor-element elementor-element-4d492d1\" data-id=\"4d492d1\" data-element_type=\"column\" data-e-type=\"column\">\r\n\t\t\t\t\t<div class=\"elementor-widget-wrap elementor-element-populated\">\r\n\t\t\t\t\t\t\t\t<section class=\"elementor-section elementor-inner-section elementor-element elementor-element-f7f1c1b px-gutter custom-page-header elementor-section-content-middle elementor-section-boxed elementor-section-height-default elementor-section-height-default\" data-id=\"f7f1c1b\" data-element_type=\"section\" data-e-type=\"section\" data-settings=\"{&quot;background_background&quot;:&quot;classic&quot;,&quot;shape_divider_bottom&quot;:&quot;waves&quot;,&quot;shape_divider_bottom_negative&quot;:&quot;yes&quot;}\">\r\n\t\t\t\t<div class=\"elementor-shape elementor-shape-bottom\" data-negative=\"true\">\r\n\t\t\t<svg xmlns=\"http:\/\/www.w3.org\/2000\/svg\" viewBox=\"0 0 1000 100\" preserveAspectRatio=\"none\">\n\t<path class=\"elementor-shape-fill\" d=\"M790.5,93.1c-59.3-5.3-116.8-18-192.6-50c-29.6-12.7-76.9-31-100.5-35.9c-23.6-4.9-52.6-7.8-75.5-5.3\n\tc-10.2,1.1-22.6,1.4-50.1,7.4c-27.2,6.3-58.2,16.6-79.4,24.7c-41.3,15.9-94.9,21.9-134,22.6C72,58.2,0,25.8,0,25.8V100h1000V65.3\n\tc0,0-51.5,19.4-106.2,25.7C839.5,97,814.1,95.2,790.5,93.1z\"\/>\n<\/svg>\t\t<\/div>\r\n\t\t\r\n\t\t\t\t\t\t\t<div class=\"elementor-container elementor-column-gap-default\">\r\n\t\t\t\t\t\t\t\t\t\t\t<div class=\"elementor-column elementor-col-50 elementor-inner-column elementor-element elementor-element-add5242\" data-id=\"add5242\" data-element_type=\"column\" data-e-type=\"column\">\r\n\t\t\t\t\t<div class=\"elementor-widget-wrap elementor-element-populated\">\r\n\t\t\t\t\t\t\t\t<div class=\"elementor-element elementor-element-9bae338 elementor-widget elementor-widget-porto_info_box\" data-id=\"9bae338\" data-element_type=\"widget\" data-e-type=\"widget\" data-widget_type=\"porto_info_box.default\">\n\t\t\t\t<div class=\"elementor-widget-container\">\n\t\t\t\t\t<div class=\"porto-sicon-box style_1 default-icon\"><\/div><!-- porto-sicon-box -->\t\t\t\t<\/div>\n\t\t\t\t<\/div>\n\t\t\t\t\t<\/div>\r\n\t\t\t\t<\/div>\r\n\t\t\t\t<div class=\"elementor-column elementor-col-50 elementor-inner-column elementor-element elementor-element-e46f49a elementor-hidden-mobile\" data-id=\"e46f49a\" data-element_type=\"column\" data-e-type=\"column\">\r\n\t\t\t\t\t<div data-plugin-float-element=\"\" data-plugin-options=\"{&quot;startPos&quot;:&quot;none&quot;,&quot;speed&quot;:&quot;8&quot;,&quot;transition&quot;:true,&quot;horizontal&quot;:false}\" class=\"elementor-widget-wrap elementor-element-populated\">\r\n\t\t\t\t\t\t\t\t<div class=\"elementor-element elementor-element-d53cad5 elementor-widget elementor-widget-image\" data-id=\"d53cad5\" data-element_type=\"widget\" data-e-type=\"widget\" data-widget_type=\"image.default\">\n\t\t\t\t<div class=\"elementor-widget-container\">\n\t\t\t\t\t\t\t\t\t\t\t\t\t\t\t<img decoding=\"async\" src=\"https:\/\/grupotecon.com\/ekiba-agencia-digital\/wp-content\/uploads\/sites\/3\/2024\/11\/logo-ekiba.svg\" class=\"attachment-full size-full wp-image-3457\" alt=\"\" \/>\t\t\t\t\t\t\t\t\t\t\t\t\t\t\t<\/div>\n\t\t\t\t<\/div>\n\t\t\t\t\t<\/div>\r\n\t\t\t\t<\/div>\r\n\t\t\t\t\t<\/div>\r\n\t\t\t\t<\/section>\r\n\t\t\t\t<div class=\"elementor-element elementor-element-a20f9f2 mb-0 elementor-widget elementor-widget-porto_page_header\" data-id=\"a20f9f2\" data-element_type=\"widget\" data-e-type=\"widget\" data-widget_type=\"porto_page_header.default\">\n\t\t\t\t<div class=\"elementor-widget-container\">\n\t\t\t\t\t<div class=\"page-top page-header-6\"><style>.page-top { background: none; border-bottom: none; } .page-top .page-title:not(.b-none):after { display: none; }<\/style><div class=\"container hide-title\">\r\n\t<div class=\"row\">\r\n\t\t<div class=\"col-lg-12 clearfix\">\r\n\t\t\t<div class=\"pt-right d-none\">\r\n\t\t\t\t\t\t\t\t<div class=\"page-title\"><\/div>\r\n\t\t\t\t\t\t\t<\/div>\r\n\t\t\t\t\t\t\t<div class=\"breadcrumbs-wrap pt-left\">\r\n\t\t\t\t\t<ul class=\"breadcrumb\" itemscope itemtype=\"https:\/\/schema.org\/BreadcrumbList\"><li class=\"home\" itemprop=\"itemListElement\" itemscope itemtype=\"https:\/\/schema.org\/ListItem\"><a itemprop=\"item\" href=\"https:\/\/grupotecon.com\/ekiba-agencia-digital\" title=\"Ir al Inicio\"><span itemprop=\"name\">Home<\/span><\/a><meta itemprop=\"position\" content=\"1\" \/><i class=\"delimiter delimiter-2\"><\/i><\/li><\/ul>\t\t\t\t<\/div>\r\n\t\t\t\t\t\t\t\t<\/div>\r\n\t<\/div>\r\n<\/div>\r\n<\/div>\t\t\t\t<\/div>\n\t\t\t\t<\/div>\n\t\t\t\t\t<\/div>\r\n\t\t\t\t<\/div>\r\n\t\t\t\t\t<\/div>\r\n\t\t\t\t<\/section>\r\n\t\t<div class=\"elementor-element elementor-element-536d986 e-flex e-con-boxed e-con e-parent\" data-id=\"536d986\" data-element_type=\"container\" data-e-type=\"container\">\r\n\t\t\t\t\t<div class=\"e-con-inner\">\r\n\t\t\t\t<div class=\"elementor-element elementor-element-49e2245 elementor-widget elementor-widget-text-editor\" data-id=\"49e2245\" data-element_type=\"widget\" data-e-type=\"widget\" data-widget_type=\"text-editor.default\">\n\t\t\t\t<div class=\"elementor-widget-container\">\n\t\t\t\t\t\t\t\t\t<p><b>INFORMACI\u00d3N B\u00c1SICA SOBRE PROTECCI\u00d3N DE DATOS <br \/><\/b><\/p><ul><li><b>Responsable del tratamiento:<\/b> EKIBA DIGITAL, SL.<\/li><li><b>Direcci\u00f3n del responsable:<\/b> C\/ Ej\u00e9rcito, 4 bajo, CP 02002, Albacete (Albacete)<\/li><li><b>Finalidad:\u00a0<\/b>Sus datos ser\u00e1n usados para poder atender sus solicitudes y prestarle nuestros servicios.<\/li><li><b>Publicidad:\u00a0<\/b>Solo le enviaremos publicidad con su autorizaci\u00f3n previa, que podr\u00e1 facilitarnos mediante la casilla correspondiente establecida al efecto.<\/li><li><b>Legitimaci\u00f3n:\u00a0<\/b>\u00danicamente trataremos sus datos con su consentimiento previo, que podr\u00e1 facilitarnos mediante la casilla correspondiente establecida al efecto.<\/li><li><b>Destinatarios:\u00a0<\/b>Con car\u00e1cter general, s\u00f3lo el personal de nuestra entidad que est\u00e9 debidamente autorizado podr\u00e1 tener conocimiento de la informaci\u00f3n que le pedimos.<\/li><li><b>Derechos:\u00a0<\/b>Tiene derecho a saber qu\u00e9 informaci\u00f3n tenemos sobre usted, corregirla y eliminarla, tal y como se explica en la informaci\u00f3n adicional disponible en nuestra p\u00e1gina web.<\/li><li><b>Informaci\u00f3n adicional:<\/b> M\u00e1s informaci\u00f3n en el apartado \u201cPOL\u00cdTICA DE PRIVACIDAD\u201d de nuestra p\u00e1gina web.<\/li><\/ul><h3>1. Principio de informaci\u00f3n.<\/h3><p>De conformidad con lo establecido en el art\u00edculo 5 de la Ley Org\u00e1nica 15\/1999, de 13 de Diciembre, de Protecci\u00f3n de Datos de Car\u00e1cter Personal, le informamos que los datos de car\u00e1cter personal que voluntariamente nos facilite a trav\u00e9s de los formularios dispuestos al efecto en nuestro Sitio Web o en cualesquier otro canal de recogida de los mismos, ser\u00e1n incorporados al Fichero de REGISTRO CLIENTES WEB responsabilidad de \u00c9KIBA DIGITAL, S.L. inscrito en el Registro General de la Agencia Espa\u00f1ola de Protecci\u00f3n de Datos con CIF n\u00ba B02430247.<\/p><p>El citado fichero tiene como finalidad el archivo y gesti\u00f3n de los datos necesarios para la prestaci\u00f3n de los servicios inform\u00e1ticos, mantenimiento de la relaci\u00f3n empresa-cliente y gesti\u00f3n interna de la empresa.<\/p><p>De igual manera, sus datos podr\u00e1n ser utilizados con la finalidad de enviarle informaci\u00f3n sobre productos y servicios de la empresa que pudieran ser de su inter\u00e9s, ya sea a trav\u00e9s del correo postal ordinario o a trav\u00e9s del correo electr\u00f3nico u otros medios electr\u00f3nicos equivalentes (SMS\/MMS).<\/p><p>Sus datos podr\u00e1n ser cedidos en todos aquellos casos en que sea necesaria la conexi\u00f3n con un tercero para el desarrollo de la relaci\u00f3n contractual y\/o precontractual.<\/p><h3>2. Principio del consentimiento.<\/h3><p>El consentimiento se entender\u00e1 prestado en tanto no nos comunique expresamente la revocaci\u00f3n del mismo a alguno de los tratamientos y\/o cesiones indicados anteriormente.<\/p><h3><span style=\"color: var(--porto-h3-color,var(--porto-heading-color)); letter-spacing: var(--porto-h3-ls,-0.05em); text-align: var(--text-align);\">3. Car\u00e1cter obligatorio de los datos solicitados.<\/span><\/h3><p>La cumplimentaci\u00f3n de cada uno de los campos que aparecen en los formularios dispuestos al efecto en nuestro Sitio Web tienen car\u00e1cter obligatorio. En caso de no suministrar los datos solicitados en los mismos, no podremos atender su solicitud.<\/p><h3><span style=\"color: var(--porto-h3-color,var(--porto-heading-color)); letter-spacing: var(--porto-h3-ls,-0.05em); text-align: var(--text-align);\">4. Principio de calidad de los datos.<\/span><\/h3><p>El usuario ser\u00e1 el \u00fanico responsable de la veracidad y exactitud de los datos aportados, actuando \u00c9KIBA DIGITAL, S.L. de buena fe como mero prestador del servicio. En caso de haber facilitado datos falsos o de terceras personas sin mediar su consentimiento para ello, \u00c9KIBA DIGITAL, S.L. se reserva el derecho a la destrucci\u00f3n inmediata de los citados datos a fin de proteger el derecho del titular o titulares de los mismos.<\/p><p>As\u00ed mismo, es Pol\u00edtica del Sitio Web de \u00c9KIBA DIGITAL, S.L. no recabar ni tratar datos de personas menores de catorce a\u00f1os. En caso de que una persona menor de dicha edad facilite sus datos a trav\u00e9s del formulario de contacto dispuesto al efecto en el Sitio Web de \u00c9KIBA DIGITAL, S.L. o a trav\u00e9s de cualquier otro medio, \u00c9KIBA DIGITAL, S.L. se reserva el derecho a la destrucci\u00f3n inmediata de los citados datos.<\/p><p>El usuario se compromete a comunicar a \u00c9KIBA DIGITAL, S.L. cualquier modificaci\u00f3n que se produzca en los datos aportados, a fin de poder mantenerlos debidamente actualizados.<\/p><p>De igual manera, el usuario autoriza al mantenimiento de los datos en nuestro Fichero, una vez extinguida la relaci\u00f3n contractual y\/o precontractual con \u00c9KIBA DIGITAL, S.L., como hist\u00f3rico de clientes.<\/p><h3>5. Principio de seguridad de los datos.<\/h3><p>\u00c9KIBA DIGITAL, S.L. se compromete al cumplimiento de su obligaci\u00f3n de secreto de los datos de car\u00e1cter personal y de su deber de guardarlos y adoptar\u00e1 todas las medidas de \u00edndole t\u00e9cnica y organizativa que para garantizar la seguridad de los datos de car\u00e1cter personal y evitar su alteraci\u00f3n, p\u00e9rdida, tratamiento o acceso no autorizado, habida cuenta del estado de la tecnolog\u00eda, la naturaleza de los datos almacenados y los riesgos a que est\u00e9n expuestos, todo ello de conformidad con lo establecido en el Real Decreto 994\/1999, de 11 de junio.<\/p><h3>6. Uso de cookies.<\/h3><p>Las cookies son ficheros enviados al navegador por medio de un servidor web, el navegador los devuelve sin modificar al servidor reflejando as\u00ed una memoria de eventos anteriores en las transacciones http con la finalidad de registrar las actividades del usuario durante su tiempo de navegaci\u00f3n. Estos archivos contienen una serie de informaciones (desde contrase\u00f1as de acceso hasta configuraciones de visualizaci\u00f3n) sobre la configuraci\u00f3n del sitio Web.<br \/>Los usos de las cookies son generalmente los siguientes:<\/p><ul><li>Llevar el control de usuarios. Cuando, en una p\u00e1gina web, aceptamos la opci\u00f3n de guardar usuario y\/o contrase\u00f1a, esos datos se guardan en una cookie, para que no tenga que estar introduci\u00e9ndolas para cada p\u00e1gina del servidor ya que el protocolo HTTP no tiene la capacidad de almacenar estos datos. Siempre debemos tener en cuenta que lo que se identifica en estos casos es una conexi\u00f3n entre el ordenador y la p\u00e1gina web, no entre una persona determinada y la p\u00e1gina web.<\/li><li>Personalizar el aspecto del sitio Web seg\u00fan las preferencias del usuario. La personalizaci\u00f3n incluye tanto presentaci\u00f3n como funcionalidad.<\/li><li>Acceder a los usuarios que se hayan registrado previamente, a las \u00e1reas, servicios, promociones o concursos reservados exclusivamente a ellos sin tener que registrarse en cada visita.<\/li><li><span style=\"color: inherit; font-family: inherit; font-size: inherit; font-weight: inherit; letter-spacing: inherit; text-align: var(--text-align);\">Obtener Informaci\u00f3n de h\u00e1bitos y costumbres de navegaci\u00f3n del usuario. Esta informaci\u00f3n es devuelta al servidor cuando conectamos a dicha p\u00e1gina.<\/span><\/li><\/ul><p>Consulte la\u00a0<a href=\"https:\/\/grupotecon.com\/ekiba-agencia-digital\/politica-de-cookies\/\" target=\"_blank\" rel=\"noopener\">Pol\u00edtica de Cookies<\/a>\u00a0de \u00c9KIBA DIGITAL S.L.<\/p><h3><span style=\"color: inherit; font-family: inherit; font-size: inherit; font-weight: inherit; letter-spacing: inherit; text-align: var(--text-align);\">7. Utilizaci\u00f3n de los datos por terceros.<\/span><\/h3><p>Para crear la ejecuci\u00f3n web m\u00e1s eficiente posible, as\u00ed como para asegurarse de que no hay abusos en el sistema, Microsoft Corporation, en nombre de Tecon Soluciones Inform\u00e1ticas S.L., un licenciatario de servicios de Microsoft Dynamics Marketing, recopila informaci\u00f3n administrativa como patrones de navegaci\u00f3n a trav\u00e9s de este dominio para proporcionarle informaci\u00f3n relevante. Un peque\u00f1o archivo electr\u00f3nico denominado \u201ccookie\u201d se usa para mantener su sesi\u00f3n y para identificarle como visitante que vuelve. Su direcci\u00f3n IP y los datos de ubicaci\u00f3n relacionados tambi\u00e9n pueden registrarse por razones t\u00e9cnicas.<\/p><p>Para mostrarle promociones valiosas y otras ofertas especiales, \u00c9KIBA DIGITAL S.L., puede ponerse en contacto con usted ocasionalmente. Puede indicar a la entidad que administra este dominio en cualquier momento que no desea que se pongan en contacto con usted en casa o en l\u00ednea con materiales de marketing no solicitados.<\/p><p>La entidad que administra este dominio puede comunicarse con usted por cualquier medio disponible, incluidos, pero no s\u00f3lo, correo, correo electr\u00f3nico, SMS o tel\u00e9fono de voz, para proporcionarle promociones valiosas y otros servicios especiales. Puede indicar a la entidad que administra este dominio en cualquier momento que no desea que se pongan en contacto con usted por correo, correo electr\u00f3nico, SMS o tel\u00e9fono de voz con materiales de marketing no solicitados.<\/p><p>Para completar y atender la solicitud que ha realizado a la entidad que administraba este dominio, es posible que se le pida que proporcione informaci\u00f3n personal relevante, su direcci\u00f3n o correo electr\u00f3nico, o informaci\u00f3n demogr\u00e1fica espec\u00edfica. Adem\u00e1s, para atender peticiones repetidas, por ejemplo suscripciones al bolet\u00edn, \u00c9KIBA DIGITAL S.L. deber\u00e1 conservar una copia de la informaci\u00f3n. La entidad que administra este dominio puede usar la informaci\u00f3n que suministra usted durante las visitas en l\u00ednea para personalizar el contenido o crear sugerencias de art\u00edculos parecidos que puedan interesarle.<\/p><p>\u00c9KIBA DIGITAL S.L. puede enviar ocasionalmente correo electr\u00f3nico a la direcci\u00f3n que usted ha facilitado para determinar si a\u00fan tiene inter\u00e9s en dichos correos. Los correos electr\u00f3nicos enviados a usted a trav\u00e9s de este sistema pueden incorporar una t\u00e9cnica conocida como \u201cbaliza web\u201d. Cuando abra el correo electr\u00f3nico, la baliza web informa a la entidad que administra este dominio que su direcci\u00f3n de correo electr\u00f3nico a\u00fan est\u00e1 interesada activamente en el correo electr\u00f3nico enviado a usted. Puede optar por no recibir correo electr\u00f3nico promocional de los servicios suministrados por la entidad que administra este dominio, o cancelar la suscripci\u00f3n de boletines, en cualquier momento.<\/p><h3>8. Ejercicio de derechos.<\/h3><p>El usuario podr\u00e1 en cualquier momento ejercer sus derechos de acceso, rectificaci\u00f3n, cancelaci\u00f3n y oposici\u00f3n, dirigi\u00e9ndose por escrito al responsable del fichero en los t\u00e9rminos establecidos en la en la Instrucci\u00f3n 1\/1998, de 19 de enero, de la Agencia Espa\u00f1ola de Protecci\u00f3n de Datos, relativa al ejercicio de los citados derechos, en la siguiente direcci\u00f3n: \u00c9KIBA DIGITAL, S.L., Calle Ej\u00e9rcito, 4, 02002 \u2013 Albacete (Espa\u00f1a).<\/p><h3>9. Cambios en nuestra Pol\u00edtica de Protecci\u00f3n de Datos.<\/h3><p>No obstante todo lo anterior, es nuestro compromiso que cualquier cambio en nuestra Pol\u00edtica de Protecci\u00f3n de Datos ser\u00e1 inmediatamente advertido, a trav\u00e9s del presente Sitio Web, incluyendo la oportuna rectificaci\u00f3n en este apartado.<\/p>\t\t\t\t\t\t\t\t<\/div>\n\t\t\t\t<\/div>\n\t\t\t\t\t<\/div>\n\t\t\t\t<\/div>\n\t\t\t\t<\/div>\n\t\t","protected":false},"excerpt":{"rendered":"<p>Home INFORMACI\u00d3N B\u00c1SICA SOBRE PROTECCI\u00d3N DE DATOS Responsable del tratamiento: EKIBA DIGITAL, SL. Direcci\u00f3n del responsable: C\/ Ej\u00e9rcito, 4 bajo, CP 02002, Albacete (Albacete) Finalidad:\u00a0Sus datos ser\u00e1n usados para poder atender sus solicitudes y prestarle nuestros servicios. Publicidad:\u00a0Solo le enviaremos publicidad con su autorizaci\u00f3n previa, que podr\u00e1 facilitarnos mediante la casilla correspondiente establecida al efecto. [&hellip;]<\/p>\n","protected":false},"author":1,"featured_media":0,"parent":0,"menu_order":0,"comment_status":"closed","ping_status":"closed","template":"","meta":{"_acf_changed":false,"_joinchat":[],"footnotes":""},"class_list":["post-13855","page","type-page","status-publish","hentry"],"acf":[],"yoast_head":"<!-- This site is optimized with the Yoast SEO plugin v27.4 - https:\/\/yoast.com\/product\/yoast-seo-wordpress\/ -->\n<title>Pol\u00edtica de privacidad - \u00c9kiba Agencia Digital<\/title>\n<meta name=\"robots\" content=\"index, follow, max-snippet:-1, max-image-preview:large, max-video-preview:-1\" \/>\n<link rel=\"canonical\" href=\"https:\/\/grupotecon.com\/ekiba-agencia-digital\/politica-de-privacidad\/\" \/>\n<meta property=\"og:locale\" content=\"es_ES\" \/>\n<meta property=\"og:type\" content=\"article\" \/>\n<meta property=\"og:title\" content=\"Pol\u00edtica de privacidad - \u00c9kiba Agencia Digital\" \/>\n<meta property=\"og:description\" content=\"Home INFORMACI\u00d3N B\u00c1SICA SOBRE PROTECCI\u00d3N DE DATOS Responsable del tratamiento: EKIBA DIGITAL, SL. Direcci\u00f3n del responsable: C\/ Ej\u00e9rcito, 4 bajo, CP 02002, Albacete (Albacete) Finalidad:\u00a0Sus datos ser\u00e1n usados para poder atender sus solicitudes y prestarle nuestros servicios. Publicidad:\u00a0Solo le enviaremos publicidad con su autorizaci\u00f3n previa, que podr\u00e1 facilitarnos mediante la casilla correspondiente establecida al efecto. [&hellip;]\" \/>\n<meta property=\"og:url\" content=\"https:\/\/grupotecon.com\/ekiba-agencia-digital\/politica-de-privacidad\/\" \/>\n<meta property=\"og:site_name\" content=\"\u00c9kiba Agencia Digital\" \/>\n<meta property=\"article:modified_time\" content=\"2025-01-30T16:13:23+00:00\" \/>\n<meta name=\"twitter:card\" content=\"summary_large_image\" \/>\n<meta name=\"twitter:label1\" content=\"Tiempo de lectura\" \/>\n\t<meta name=\"twitter:data1\" content=\"8 minutos\" \/>\n<script type=\"application\/ld+json\" class=\"yoast-schema-graph\">{\"@context\":\"https:\\\/\\\/schema.org\",\"@graph\":[{\"@type\":\"WebPage\",\"@id\":\"https:\\\/\\\/grupotecon.com\\\/ekiba-agencia-digital\\\/politica-de-privacidad\\\/\",\"url\":\"https:\\\/\\\/grupotecon.com\\\/ekiba-agencia-digital\\\/politica-de-privacidad\\\/\",\"name\":\"Pol\u00edtica de privacidad - \u00c9kiba Agencia Digital\",\"isPartOf\":{\"@id\":\"https:\\\/\\\/grupotecon.com\\\/ekiba-agencia-digital\\\/#website\"},\"primaryImageOfPage\":{\"@id\":\"https:\\\/\\\/grupotecon.com\\\/ekiba-agencia-digital\\\/politica-de-privacidad\\\/#primaryimage\"},\"image\":{\"@id\":\"https:\\\/\\\/grupotecon.com\\\/ekiba-agencia-digital\\\/politica-de-privacidad\\\/#primaryimage\"},\"thumbnailUrl\":\"https:\\\/\\\/grupotecon.com\\\/ekiba-agencia-digital\\\/wp-content\\\/uploads\\\/sites\\\/3\\\/2024\\\/11\\\/logo-ekiba.svg\",\"datePublished\":\"2025-01-30T12:38:21+00:00\",\"dateModified\":\"2025-01-30T16:13:23+00:00\",\"breadcrumb\":{\"@id\":\"https:\\\/\\\/grupotecon.com\\\/ekiba-agencia-digital\\\/politica-de-privacidad\\\/#breadcrumb\"},\"inLanguage\":\"es\",\"potentialAction\":[{\"@type\":\"ReadAction\",\"target\":[\"https:\\\/\\\/grupotecon.com\\\/ekiba-agencia-digital\\\/politica-de-privacidad\\\/\"]}]},{\"@type\":\"ImageObject\",\"inLanguage\":\"es\",\"@id\":\"https:\\\/\\\/grupotecon.com\\\/ekiba-agencia-digital\\\/politica-de-privacidad\\\/#primaryimage\",\"url\":\"https:\\\/\\\/grupotecon.com\\\/ekiba-agencia-digital\\\/wp-content\\\/uploads\\\/sites\\\/3\\\/2024\\\/11\\\/logo-ekiba.svg\",\"contentUrl\":\"https:\\\/\\\/grupotecon.com\\\/ekiba-agencia-digital\\\/wp-content\\\/uploads\\\/sites\\\/3\\\/2024\\\/11\\\/logo-ekiba.svg\"},{\"@type\":\"BreadcrumbList\",\"@id\":\"https:\\\/\\\/grupotecon.com\\\/ekiba-agencia-digital\\\/politica-de-privacidad\\\/#breadcrumb\",\"itemListElement\":[{\"@type\":\"ListItem\",\"position\":1,\"name\":\"Portada\",\"item\":\"https:\\\/\\\/grupotecon.com\\\/ekiba-agencia-digital\\\/\"},{\"@type\":\"ListItem\",\"position\":2,\"name\":\"Pol\u00edtica de privacidad\"}]},{\"@type\":\"WebSite\",\"@id\":\"https:\\\/\\\/grupotecon.com\\\/ekiba-agencia-digital\\\/#website\",\"url\":\"https:\\\/\\\/grupotecon.com\\\/ekiba-agencia-digital\\\/\",\"name\":\"\u00c9kiba Agencia Digital\",\"description\":\"\",\"potentialAction\":[{\"@type\":\"SearchAction\",\"target\":{\"@type\":\"EntryPoint\",\"urlTemplate\":\"https:\\\/\\\/grupotecon.com\\\/ekiba-agencia-digital\\\/?s={search_term_string}\"},\"query-input\":{\"@type\":\"PropertyValueSpecification\",\"valueRequired\":true,\"valueName\":\"search_term_string\"}}],\"inLanguage\":\"es\"}]}<\/script>\n<!-- \/ Yoast SEO plugin. -->","yoast_head_json":{"title":"Pol\u00edtica de privacidad - \u00c9kiba Agencia Digital","robots":{"index":"index","follow":"follow","max-snippet":"max-snippet:-1","max-image-preview":"max-image-preview:large","max-video-preview":"max-video-preview:-1"},"canonical":"https:\/\/grupotecon.com\/ekiba-agencia-digital\/politica-de-privacidad\/","og_locale":"es_ES","og_type":"article","og_title":"Pol\u00edtica de privacidad - \u00c9kiba Agencia Digital","og_description":"Home INFORMACI\u00d3N B\u00c1SICA SOBRE PROTECCI\u00d3N DE DATOS Responsable del tratamiento: EKIBA DIGITAL, SL. Direcci\u00f3n del responsable: C\/ Ej\u00e9rcito, 4 bajo, CP 02002, Albacete (Albacete) Finalidad:\u00a0Sus datos ser\u00e1n usados para poder atender sus solicitudes y prestarle nuestros servicios. Publicidad:\u00a0Solo le enviaremos publicidad con su autorizaci\u00f3n previa, que podr\u00e1 facilitarnos mediante la casilla correspondiente establecida al efecto. [&hellip;]","og_url":"https:\/\/grupotecon.com\/ekiba-agencia-digital\/politica-de-privacidad\/","og_site_name":"\u00c9kiba Agencia Digital","article_modified_time":"2025-01-30T16:13:23+00:00","twitter_card":"summary_large_image","twitter_misc":{"Tiempo de lectura":"8 minutos"},"schema":{"@context":"https:\/\/schema.org","@graph":[{"@type":"WebPage","@id":"https:\/\/grupotecon.com\/ekiba-agencia-digital\/politica-de-privacidad\/","url":"https:\/\/grupotecon.com\/ekiba-agencia-digital\/politica-de-privacidad\/","name":"Pol\u00edtica de privacidad - \u00c9kiba Agencia Digital","isPartOf":{"@id":"https:\/\/grupotecon.com\/ekiba-agencia-digital\/#website"},"primaryImageOfPage":{"@id":"https:\/\/grupotecon.com\/ekiba-agencia-digital\/politica-de-privacidad\/#primaryimage"},"image":{"@id":"https:\/\/grupotecon.com\/ekiba-agencia-digital\/politica-de-privacidad\/#primaryimage"},"thumbnailUrl":"https:\/\/grupotecon.com\/ekiba-agencia-digital\/wp-content\/uploads\/sites\/3\/2024\/11\/logo-ekiba.svg","datePublished":"2025-01-30T12:38:21+00:00","dateModified":"2025-01-30T16:13:23+00:00","breadcrumb":{"@id":"https:\/\/grupotecon.com\/ekiba-agencia-digital\/politica-de-privacidad\/#breadcrumb"},"inLanguage":"es","potentialAction":[{"@type":"ReadAction","target":["https:\/\/grupotecon.com\/ekiba-agencia-digital\/politica-de-privacidad\/"]}]},{"@type":"ImageObject","inLanguage":"es","@id":"https:\/\/grupotecon.com\/ekiba-agencia-digital\/politica-de-privacidad\/#primaryimage","url":"https:\/\/grupotecon.com\/ekiba-agencia-digital\/wp-content\/uploads\/sites\/3\/2024\/11\/logo-ekiba.svg","contentUrl":"https:\/\/grupotecon.com\/ekiba-agencia-digital\/wp-content\/uploads\/sites\/3\/2024\/11\/logo-ekiba.svg"},{"@type":"BreadcrumbList","@id":"https:\/\/grupotecon.com\/ekiba-agencia-digital\/politica-de-privacidad\/#breadcrumb","itemListElement":[{"@type":"ListItem","position":1,"name":"Portada","item":"https:\/\/grupotecon.com\/ekiba-agencia-digital\/"},{"@type":"ListItem","position":2,"name":"Pol\u00edtica de privacidad"}]},{"@type":"WebSite","@id":"https:\/\/grupotecon.com\/ekiba-agencia-digital\/#website","url":"https:\/\/grupotecon.com\/ekiba-agencia-digital\/","name":"\u00c9kiba Agencia Digital","description":"","potentialAction":[{"@type":"SearchAction","target":{"@type":"EntryPoint","urlTemplate":"https:\/\/grupotecon.com\/ekiba-agencia-digital\/?s={search_term_string}"},"query-input":{"@type":"PropertyValueSpecification","valueRequired":true,"valueName":"search_term_string"}}],"inLanguage":"es"}]}},"_links":{"self":[{"href":"https:\/\/grupotecon.com\/ekiba-agencia-digital\/wp-json\/wp\/v2\/pages\/13855","targetHints":{"allow":["GET"]}}],"collection":[{"href":"https:\/\/grupotecon.com\/ekiba-agencia-digital\/wp-json\/wp\/v2\/pages"}],"about":[{"href":"https:\/\/grupotecon.com\/ekiba-agencia-digital\/wp-json\/wp\/v2\/types\/page"}],"author":[{"embeddable":true,"href":"https:\/\/grupotecon.com\/ekiba-agencia-digital\/wp-json\/wp\/v2\/users\/1"}],"replies":[{"embeddable":true,"href":"https:\/\/grupotecon.com\/ekiba-agencia-digital\/wp-json\/wp\/v2\/comments?post=13855"}],"version-history":[{"count":13,"href":"https:\/\/grupotecon.com\/ekiba-agencia-digital\/wp-json\/wp\/v2\/pages\/13855\/revisions"}],"predecessor-version":[{"id":13991,"href":"https:\/\/grupotecon.com\/ekiba-agencia-digital\/wp-json\/wp\/v2\/pages\/13855\/revisions\/13991"}],"wp:attachment":[{"href":"https:\/\/grupotecon.com\/ekiba-agencia-digital\/wp-json\/wp\/v2\/media?parent=13855"}],"curies":[{"name":"wp","href":"https:\/\/api.w.org\/{rel}","templated":true}]}}